{"id":19,"date":"2011-04-15T07:51:14","date_gmt":"2011-04-15T05:51:14","guid":{"rendered":"http:\/\/wwwilk.mw.tu-dresden.de\/acl\/?page_id=19"},"modified":"2024-05-14T12:31:11","modified_gmt":"2024-05-14T10:31:11","slug":"start","status":"publish","type":"page","link":"https:\/\/hightech-saxony.de\/acl\/","title":{"rendered":"Herzlich willkommen beim ACL!"},"content":{"rendered":"<p><!--more--><\/p>\n<p>F\u00fcr hochkomplexe Leichtbau-Systemenwicklungen bedarf es eines gut und dicht gekn\u00fcpften Netzwerkes aus Wissenschaft und Anwendung. Vor diesem Hintergrund versteht sich der Akademische Club Leichtbau an der TU Dresden e.V. (ACL) als eine etablierte Diskussionsplattform zum Wissens- und Technologieaustausch zwischen Industrie und Forschung.<\/p>\n<p>Als Beweis f\u00fcr die Notwendigkeit einer derartigen Diskussionsplattform sei das stetig steigende Interesse an den Internetseiten des ACL angef\u00fchrt. Um den Entwicklungen der Vereinsstruktur und seiner Mitglieder weiterhin Rechnung tragen zu k\u00f6nnen, hat mit der Neuentwicklung des Internetauftrittes ein entscheidender Schritt hin zu einer interaktiven Plattform stattgefunden. Auf diesen neuen Seiten soll neben den aktuellen Ank\u00fcndigungen der Vereinsaktivit\u00e4ten, vor allem den Mitgliedern die M\u00f6glichkeit geboten werden aktiv untereinander zu kommunizieren.<\/p>\n<p>Zur Intensivierung einer zukunftsorientierten Zusammenarbeit von Entwicklungsingenieuren und Experten aus Industrie und Forschung soll dieses Kommunikationsmedium zur Sch\u00f6pfung neuer Perspektiven f\u00fcr moderne Leichtbauanwendungen beitragen.<\/p>\n<p>Mit freundlichen Gr\u00fc\u00dfen<br \/>\nDas ACL-Team<\/p>\n<h5><\/h5>\n<p><!--more--><\/p>\n<p><!--more--><\/p>\n","protected":false},"excerpt":{"rendered":"","protected":false},"author":2,"featured_media":0,"parent":0,"menu_order":0,"comment_status":"closed","ping_status":"open","template":"onecolumn-page.php","meta":{"footnotes":""},"class_list":["post-19","page","type-page","status-publish","hentry"],"_links":{"self":[{"href":"https:\/\/hightech-saxony.de\/acl\/wp-json\/wp\/v2\/pages\/19"}],"collection":[{"href":"https:\/\/hightech-saxony.de\/acl\/wp-json\/wp\/v2\/pages"}],"about":[{"href":"https:\/\/hightech-saxony.de\/acl\/wp-json\/wp\/v2\/types\/page"}],"author":[{"embeddable":true,"href":"https:\/\/hightech-saxony.de\/acl\/wp-json\/wp\/v2\/users\/2"}],"replies":[{"embeddable":true,"href":"https:\/\/hightech-saxony.de\/acl\/wp-json\/wp\/v2\/comments?post=19"}],"version-history":[{"count":62,"href":"https:\/\/hightech-saxony.de\/acl\/wp-json\/wp\/v2\/pages\/19\/revisions"}],"predecessor-version":[{"id":1057,"href":"https:\/\/hightech-saxony.de\/acl\/wp-json\/wp\/v2\/pages\/19\/revisions\/1057"}],"wp:attachment":[{"href":"https:\/\/hightech-saxony.de\/acl\/wp-json\/wp\/v2\/media?parent=19"}],"curies":[{"name":"wp","href":"https:\/\/api.w.org\/{rel}","templated":true}]}}